*j**2 - j - 1. Let c be f(-1). Let i = c + h. What is the tens digit of i?
1
Suppose -239 = 2*f - 4*f - k, -2*f + k = -237. Suppose -7*n = 2*t - 2*n - f, -n = 3*t - 185. What is the units digit of t?
2
Let y(m) = -15*m + 11 + 6*m**2 + 9*m**2 - 3*m**2 - m**3 - 3*m**2. What is the units digit of y(6)?
9
What is the units digit of 1*(-7 - -8)*(-1 - -304)?
3
Suppose -41 = -4*g + 63. What is the tens digit of g?
2
Let y = 43 + -19. Let p = y + -17. Suppose w - 9 = -2*i, -39 = -2*w + 3*i - p. What is the tens digit of w?
1
Let r = 113 - 78. What is the units digit of r?
5
Suppose -8*m - 6 = -3*m + 2*z, -5*m + 2*z = 14. What is the hundreds digit of 201 - (m - 0) - (-3 - -7)?
1
Let g = 10228 - 6054. What is the units digit of g?
4
Let q = 262 - 102. Let k = q + -50. What is the tens digit of k?
1
Let j = 9 - -161. Suppose -k - 4*k = -j. What is the tens digit of k?
3
Let x = -5 + -13. Let s = x - -25. Suppose -8*h + 41 + s = 0. What is the units digit of h?
6
Suppose -2*i + 2 + 8 = 0. Suppose 3*j - 33 = -x, 0 = x - 4*j - i - 21. What is the tens digit of x?
3
Let j = 854 - 361. What is the units digit of j?
3
Let b = -17 - -75. Let g be b/(-4) + (-1)/(-2). What is the units digit of ((-36)/g)/((-2)/(-56))?
2
Suppose d + 10 = p - 5, 3*p - 25 = d. Let r(t) = t**3 + 13*t**2 + 23*t - 6. What is the units digit of r(d)?
4
Suppose 681 = 4*s - 1023. What is the hundreds digit of s?
4
Let f be (12 + -9)/(6/4). What is the tens digit of f + 60 + 1 + -4 + 1?
6
Suppose 2*c = 6*c - 1064. What is the units digit of c?
6
Let p be ((-134)/3 - 2)*(-4 - 20). Suppose -p = 20*v - 25*v. What is the units digit of v?
4
What is the hundreds digit of 648 + (-9 - -2) - 0?
6
Let y be 648/14 + 4/(-14). Let k = y + -24. Suppose -5*v + k = -73. What is the units digit of v?
9
Suppose 3*i = 2*w + 1473, 4*w = -5*i + 404 + 2073. What is the hundreds digit of i?
4
Suppose -61*j + 43*j = -4410. What is the hundreds digit of j?
2
Let t = -17 + 25. Let v be (4 + 6)*t/10. What is the units digit of (0 + 4)*142/v?
1
Suppose -2*h - 2*h + 2*m = -1038, 5*h - 3*m - 1297 = 0. Let n be 1/(4 - h/64). Let x = 24 + n. What is the units digit of x?
8
Suppose h - 5*z + 13 = 2*h, -z - 1 = 2*h. Let g = 4 + h. What is the units digit of g?
2
Let s = 1382 + 576. What is the units digit of s?
8
Let s be (-67)/4 - (-2)/(-8). Let v be (2*-2 - 3)*s. What is the units digit of v/3 - (-6)/18?
0
Let w = -514 + 1221. What is the tens digit of w?
0
Let h(b) = 12*b + 11. Let m be 8 + 20/(-4) + 2. What is the tens digit of h(m)?
7
Suppose 7608 = 3*l + 3*a, 3*a - 55 = -2*l + 5013. What is the thousands digit of l?
2
Let u be -3*3*15/(-27). Let q = 9 - u. Suppose 0*d - 76 = -q*d. What is the tens digit of d?
1
Let w = 23 - -4. Let n = w + -15. Suppose n = -3*k + 51. What is the tens digit of k?
1
What is the units digit of 58/((-640)/(-318) - 2)?
1
Let l be (-2706)/44 + (-1)/2. Let k = 123 + l. What is the tens digit of k?
6
Let h(n) = -2*n**3 + 10*n**2 + 19. Let f(l) = -l**2. Let j(p) = -3*f(p) - h(p). What is the units digit of j(6)?
1
Let v(n) = 3*n**3 + 23*n**2 + 11. What is the hundreds digit of v(-7)?
1
Suppose 0 = -16*r + 7*r + 27. Suppose 540 = 3*b + r*p, -610 + 74 = -3*b - p. What is the units digit of b?
8
Let u = -100 - -100. Let b = -186 + 310. Suppose u = -0*k - 4*k + b. What is the tens digit of k?
3
Let i(b) be the second derivative of -b**5/10 - 7*b**4/12 - 7*b**3/6 + b**2 - 5*b. What is the hundreds digit of i(-5)?
1
Let l(o) = 35 + 8*o + 33 - 62 - 4*o. Let w = -1 + 10. What is the tens digit of l(w)?
4
Suppose 2084 = 31*p + 286. What is the units digit of p?
8
Let f(a) = a + 2. Let d be f(-5). What is the units digit of 3 + d - (3 - 8)?
5
Suppose -5*r + 26 = -4. Let p(v) = 6 - 4 + r + 3 + v**2 - 7*v. What is the tens digit of p(9)?
2
Let c = -201 - -111. What is the units digit of (87/(-2))/(c/240)?
6
Suppose 3*d = 0, 3*h - 3*d + 0*d = 6. What is the units digit of h?
2
Let l(m) = -2*m - 11. Let s be l(-5). Let f be (-3 - -3) + 1/s. What is the tens digit of f/(-4) + (-75)/(-4)?
1
Let p(c) = 1 + 19 + 0 + 22*c. What is the units digit of p(9)?
8
Suppose 35 + 40 = 5*p. Suppose 4*l + p = l, -36 = -x - l. What is the tens digit of x?
4
Suppose -19*j - 2412 = -28*j. What is the tens digit of j?
6
Suppose 0 = 3*l + 2*l - 2*t - 3544, -5*t - 718 = -l. What is the tens digit of l?
0
Let j(h) = -4*h**3 - h**2 + 5. Suppose -4*t - 3*w = 5 + 8, 3*t = 5*w - 17. What is the units digit of j(t)?
5
Let w = -229 + 374. Suppose 2*c = w - 23. What is the tens digit of c?
6
Suppose 0 = -25*a + 762 + 1288. What is the units digit of a?
2
Suppose 7*s + 1 = 15. Let f be ((-10)/4 - -2)*-4. Suppose -5*j + s*c = -53, f*c = 5*j - 3*c - 65. What is the units digit of j?
9
Let k be 1*(84 + (4 - 1)). Suppose -2*p + k = p. Suppose -2*r = 2*o - 24, 0 = 2*r - 0*o - 3*o - p. What is the units digit of r?
3
Let s(w) = w + 3. Let t be s(8). Let y = t + 16. What is the tens digit of y?
2
What is the units digit of 3/(3/1) + 31 + 5?
7
Suppose 2*y = -3*y + 100. Let d be (10/y)/((-1)/(-6)). Suppose -1 - 2 = -d*j. What is the units digit of j?
1
Suppose -4*p + 19 = 7. Suppose p*c = 20 + 25. What is the tens digit of c?
1
Suppose -2*d + 12 = -l, -2*l = -2*d - 7*l - 12. Let o = -57 - -104. Suppose o = 2*z - r, 5*z - 3*z - 62 = d*r. What is the tens digit of z?
2
Let x(y) be the third derivative of -y**4/24 - y**3 + y**2. Let u be x(5). Let p = u + 14. What is the units digit of p?
3
Suppose -w + 6*w = 15. Suppose -32 = w*t - 5. Let l = t - -19. What is the tens digit of l?
1
Let a = -1 - -19. Let j be ((-18)/(-54))/(1/(-15)). Let r = j + a. What is the units digit of r?
3
Let z(x) be the second derivative of x**5/20 + 7*x**4/12 + x**3/2 + 3*x**2/2 + 5*x. Let r = 4 - 10. What is the units digit of z(r)?
1
Let h(c) = -c**2 - 36*c - 130. What is the hundreds digit of h(-20)?
1
Let w(d) = -6*d**2 + 12 + 3*d - 4*d - 7*d**2 + 5 + d**3. Let c be w(13). What is the tens digit of c - (-2 + -65) - 4?
6
Suppose -3*v - 974 = -2435. What is the units digit of v?
7
Let m(g) be the first derivative of -g**4/4 + 7*g**3/3 - 3*g**2/2 + 4*g + 1. What is the units digit of m(4)?
0
Let v(u) = -54*u + 8. Let h(g) = -163*g + 24. Let j(n) = -2*h(n) + 7*v(n). What is the hundreds digit of j(-2)?
1
Let t be 0 - (4/(-6))/((-26)/1599). Let w = t - -190. What is the units digit of w?
9
Let c = 36 + -15. Let n = c - 14. Let s(l) = l**2 - 5*l - 11. What is the units digit of s(n)?
3
Let s(v) = v**3 - 12*v**2 + 10*v + 15. Let y be s(11). Suppose -185 = -5*f - 2*k + y*k, -k = 5*f - 185. What is the units digit of f?
7
Let s = 704 - -3649. What is the hundreds digit of s?
3
Let y = -1050 - -1696. What is the hundreds digit of y?
6
Suppose 0 = -5*f - l + 7577, 0 = -0*l - 2*l - 6. What is the hundreds digit of f?
5
Let h be (-3 - (-55)/15)*6. Suppose 6*y - h*y = 76. What is the tens digit of y?
3
Suppose -t = 0, 1075 = -2*j - 3*j - 2*t. Let s be 1/(-3 - 640/j). Let v = s - -81. What is the tens digit of v?
3
Suppose 0*w - 12 = w. What is the tens digit of w/(-3)*(-47)/(-2) + 1?
9
Let b(p) = 4*p**2 - 3*p - 20. Let l be b(-13). Let q = -496 + l. What is the units digit of q?
9
Suppose 0 = -2*r + 3*q + 348, -q - 368 = -2*r - 3*q. Suppose -j = 5*s + 6 - r, j = -2*s + 177. What is the tens digit of j?
7
Let w(p) = -9*p**2 - 253*p - 21. What is the thousands digit of w(-20)?
1
Suppose 376 = 2*m - 2*g, 2*m - 71 - 309 = -2*g. Let d = m + -51. What is the units digit of d?
8
Let w be (-1)/2*2 - -2. What is the tens digit of (-16)/(-24)*(w + 101)?
6
What is the hundreds digit of (-3)/((-51612)/(-120967) + 6/(-14))?
5
Let y = -36 - 2. What is the tens digit of y*4/(16/(-4))?
3
Let n(w) be the first derivative of 9*w**4/4 + 4*w**3/3 - 2*w**2 - 2*w - 18. What is the tens digit of n(2)?
7
Suppose -70*z = -16*z - 43578. What is the units digit of z?
7
Let a = -49 + 118. Suppose -5*d - a = -554. What is the tens digit of d?
9
What is the tens digit of 11651/11 - -3 - 4/22?
6
Let g(v) = -30*v**3 - 26*v**2 + 17*v**3 + 22 + 14*v**3 + 26*v. What is the units digit of g(25)?
7
Let g(d) = -280*d - 49. What is the hundreds digit of g(-8)?
1
Let r(q) = 2*q**2 - 31*q - 38. Let n be 117/6 - ((-15)/6)/(-5). What is the tens digit of r(n)?
9
Suppose 9*d + 0*d = 2169. What is the tens digit of d?
4